
False
Does 3 divide 6171?
True
Does 108 divide 216?
True
Does 152 divide 1543?
False
Is 43080 a multiple of 359?
True
Is 4152 a multiple of 15?
False
Is 5221 a multiple of 7?
False
Is 2 a factor of 5210?
True
Does 13 divide 884?
True
Is 6 a factor of 287?
False
Does 12 divide 5272?
False
Is 49 a factor of 3430?
True
Does 4 divide 1524?
True
Is 2904 a multiple of 24?
True
Does 111 divide 17044?
False
Is 77 a factor of 3619?
True
Is 696 a multiple of 3?
True
Is 22 a factor of 249?
False
Is 59 a factor of 8496?
True
Does 19 divide 3325?
True
Is 9 a factor of 1384?
False
Does 7 divide 49?
True
Does 26 divide 10212?
False
Is 6345 a multiple of 91?
False
Is 12 a factor of 92939?
False
Is 1540 a multiple of 77?
True
Is 5414 a multiple of 95?
False
Does 22 divide 2068?
True
Is 281 a factor of 13667?
False
Is 463 a multiple of 36?
False
Does 30 divide 8134?
False
Is 11 a factor of 220?
True
Is 10 a factor of 2522?
False
Does 6 divide 2224?
False
Is 1676 a multiple of 16?
False
Is 36 a factor of 534?
False
Is 31 a factor of 3323?
False
Is 12 a factor of 5042?
False
Is 86 a factor of 5332?
True
Is 120 a multiple of 40?
True
Is 13 a factor of 9369?
False
Does 35 divide 21630?
True
Is 162 a multiple of 27?
True
Does 2 divide 98?
True
Is 55152 a multiple of 18?
True
Is 394 a multiple of 8?
False
Is 15 a factor of 67605?
True
Is 1816 a multiple of 55?
False
Is 4102 a multiple of 2?
True
Does 8 divide 104?
True
Is 17 a factor of 53703?
True
Is 570 even?
True
Is 124 a factor of 3951?
False
Is 10995 a multiple of 29?
False
Is 2323 a multiple of 23?
True
Does 13 divide 403?
True
Is 3102 a multiple of 33?
True
Is 86 a factor of 1376?
True
Is 8 a factor of 45859?
False
Does 2 divide 118?
True
Is 27 a factor of 918?
True
Is 47043 a multiple of 10?
False
Does 25 divide 16628?
False
Is 214 a factor of 2777?
False
Is 7 a factor of 1225?
True
Does 9 divide 927?
True
Is 2754 a multiple of 13?
False
Is 14 a factor of 849?
False
Is 804 a multiple of 67?
True
Is 17 a factor of 187?
True
Does 93 divide 7963?
False
Is 1854 a multiple of 63?
False
Does 4 divide 4680?
True
Does 74 divide 13690?
True
Is 79 a factor of 10441?
False
Is 33 a factor of 569?
False
Does 15 divide 58017?
False
Is 27 a factor of 189?
True
Does 14 divide 448?
True
Does 7 divide 549?
False
Is 82 a factor of 2721?
False
Does 35 divide 81?
False
Is 6 a factor of 240?
True
Is 163 a multiple of 14?
False
Is 3185 a multiple of 35?
True
Is 15 a factor of 43218?
False
Is 22089 a multiple of 111?
True
Is 75 a multiple of 15?
True
Is 273 a factor of 36678?
False
Does 8 divide 776?
True
Does 3 divide 3289?
False
Is 20 a factor of 72880?
True
Is 1912 a multiple of 8?
True
Does 60 divide 369?
False
Is 9 a factor of 25494?
False
Is 5588 a multiple of 22?
True
Is 1305 a multiple of 29?
True
Is 878 a multiple of 99?
False
Is 4500 a multiple of 36?
True
Is 4603 a multiple of 6?
False
Is 42 a factor of 1806?
True
Is 6 a factor of 404?
False
Is 15 a factor of 29895?
True
Is 243 a factor of 45507?
False
Is 575 a multiple of 5?
True
Is 5 a factor of 4772?
False
Does 121 divide 13189?
True
Does 33 divide 821?
False
Does 212 divide 30104?
True
Is 505 a multiple of 19?
False
Is 23 a factor of 7153?
True
Does 17 divide 1102?
False
Is 728 a multiple of 82?
False
Does 15 divide 15313?
False
Is 25380 a multiple of 3?
True
Is 6 a factor of 270?
True
Is 23 a factor of 17641?
True
Is 4 a factor of 5615?
False
Is 2041 a multiple of 6?
False
Is 4500 a multiple of 15?
True
Is 1220 a multiple of 20?
True
Is 2331 a multiple of 37?
True
Is 103 a factor of 28943?
True
Is 32 a factor of 408?
False
Is 76260 a multiple of 205?
True
Is 860 a multiple of 5?
True
Is 45 a factor of 531?
False
Is 12280 a multiple of 10?
True
Is 87 a factor of 15051?
True
Does 51 divide 3722?
False
Is 625 a multiple of 25?
True
Is 75678 a multiple of 71?
False
Is 139 a factor of 4865?
True
Is 45239 a multiple of 19?
True
Does 273 divide 27300?
True
Does 33 divide 740?
False
Is 14 a factor of 5117?
False
Is 40 a factor of 720?
True
Is 14883 a multiple of 33?
True
Is 4692 a multiple of 34?
True
Is 44 a factor of 4664?
True
Is 1377 a multiple of 8?
False
Does 26 divide 364?
True
Is 31 a factor of 2757?
False
Is 10320 a multiple of 43?
True
Is 104 a factor of 49816?
True
Is 12 a factor of 6833?
False
Is 4053 a multiple of 5?
False
Is 637 a multiple of 13?
True
Is 32 a factor of 219?
False
Is 14 a factor of 658?
True
Is 11 a factor of 2933?
False
Is 78 a factor of 19344?
True
Is 17856 a multiple of 6?
True
Is 8973 a multiple of 9?
True
Is 25048 a multiple of 10?
False
Does 50 divide 750?
True
Is 1174 a multiple of 47?
False
Is 24 a factor of 3936?
True
Does 80 divide 6640?
True
Is 4330 a multiple of 10?
True
Is 540 a multiple of 20?
True
Is 6 a factor of 301?
False
Does 90 divide 16960?
False
Is 15 a factor of 892?
False
Does 59 divide 5152?
False
Does 2 divide 605?
False
Does 20 divide 13179?
False
Is 621 a multiple of 9?
True
Is 2703 a multiple of 21?
False
Is 364 a multiple of 13?
True
Does 14 divide 9450?
True
Is 3 a factor of 104?
False
Is 5775 a multiple of 105?
True
Is 63 a factor of 100989?
True
Does 14 divide 812?
True
Is 712 a multiple of 47?
False
Does 9 divide 1989?
True
Does 14 divide 1050?
True
Is 7469 a multiple of 11?
True
Is 353 a multiple of 14?
False
Is 60704 a multiple of 32?
True
Does 95 divide 1187?
False
Is 11181 a multiple of 30?
False
Is 2260 a multiple of 113?
True
Is 8250 a multiple of 3?
True
Is 136 a factor of 8536?
False
Is 105 a multiple of 10?
False
Is 21 a factor of 21?
True
Does 24 divide 8985?
False
Does 5 divide 720?
True
Is 116 a factor of 5452?
True
Is 17440 a multiple of 20?
True
Is 4832 a multiple of 4?
True
Is 13 a factor of 2041?
True
Is 628 a multiple of 2?
True
Is 48 a factor of 355?
False
Does 15 divide 231?
False
Does 132 divide 17952?
True
Is 6 a factor of 4142?
False
Is 224 a multiple of 8?
True
Does 91 divide 25076?
False
Is 24976 a multiple of 7?
True
Is 77 a factor of 9717?
False
Is 1155 a multiple of 77?
True
Does 8 divide 280?
True
Is 24842 a multiple of 7?
False
Does 38 divide 226?
False
Is 27278 a multiple of 138?
False
Does 5 divide 4505?
True
Is 10 a factor of 900?
True
Does 19 divide 2418?
False
Does 13 divide 4992?
True
Does 8 divide 2224?
True
Is 200 a multiple of 5?
True
Does 31 divide 1403?
False
Is 160680 a multiple of 10?
True
Does 23 divide 18032?
True
Does 18 divide 464?
False
Is 2830 a multiple of 95?
False
Is 2 a factor of 309?
False
Is 143 a multiple of 30?
False
Is 168 a factor of 17640?
True
Is 867 a multiple of 32?
False
Does 30 divide 11573?
False
Is 11 a factor of 715?
True
Does 96 divide 8160?
True
Is 82 a factor of 20500?
True
Is 5624 a multiple of 19?
True
Is 4 a factor of 329?
False
Is 1414 a multiple of 14?
True
Is 5 a factor of 25?
True
Is 41962 a multiple of 70?
False
Is 8080 a multiple of 16?
True
Is 23 a factor of 360?
False
Is 10 a factor of 148?
False
Is 8976 a multiple of 44?
True
Does 45 divide 50676?
False
Does 9 divide 1987?
False
Is 2214 a multiple of 39?
False
Does 17 divide 357?
True
Does 5 divide 970?
True
Is 6 a factor of 261?
False
Does 17 divide 22023?
False
Does 23 divide 483?
True
Is 22 a factor of 1053?
False
Is 12 a factor of 1146?
False
Is 18063 a multiple of 223?
True
Is 6 a factor of 736?
False
Is 40463 a multiple of 86?
False
Does 13 divide 1989?
True
Is 9560 a multiple of 5?
True
Does 6 divide 60?
True
Does 71 divide 1812?
False
Is 33 a factor of 792?
True
Is 4 a factor of 989?
False
Does 24 divide 49848?
True
Is 13 a factor of 10500?
False
Does 131 divide 2283?
False
Is 3300 a multiple of 20?
True
Does 4 divide 101?
False
Does 16 divide 21779?
False
Is 15 a factor of 405?
True
Is 26 a factor of 2364?
False
Is 599 a multiple of 39?
False
Is 10160 a multiple of 22?
False
Is 27271 a multiple of 14?
False
Is 42 a factor of 12658?
False
Is 3696 a multiple of 88?
True
Is 97 a factor of 6790?
True
Is 13640 a multiple of 11?
True
Is 3685 a multiple of 4?
False
Is 780 a multiple of 4?
True
Does 8 divide 1792?
True
Does 41 divide 73?
False
Is 58859 a multiple of 8?
False
Is 736 a multiple of 46?
True
Does 36 divide 8892?
True
Does 49 divide 2744?
True
Is 28059 a multiple of 236?
False
Is 661 a multiple of 2?
False
Is 98 a multiple of 14?
True
Is 24 a factor of 960?
True
